{"id":213,"date":"2025-03-23T10:55:17","date_gmt":"2025-03-23T09:55:17","guid":{"rendered":"https:\/\/contreterre.org\/?page_id=213"},"modified":"2026-01-28T13:51:06","modified_gmt":"2026-01-28T12:51:06","slug":"accueil","status":"publish","type":"page","link":"https:\/\/contreterre.org\/","title":{"rendered":""},"content":{"rendered":"\n<div style=\"height:26px\" aria-hidden=\"true\" class=\"wp-block-spacer\"><\/div>\n\n\n\n<div class=\"wp-block-columns are-vertically-aligned-center has-nv-dark-bg-background-color has-background is-layout-flex wp-container-core-columns-is-layout-fe847a89 wp-block-columns-is-layout-flex\" style=\"border-width:20px;border-top-left-radius:0px;border-top-right-radius:0px;border-bottom-left-radius:0px;border-bottom-right-radius:0px;padding-top:var(--wp--preset--spacing--50);padding-right:var(--wp--preset--spacing--50);padding-bottom:var(--wp--preset--spacing--50);padding-left:var(--wp--preset--spacing--50)\">\n<div class=\"wp-block-column is-vertically-aligned-center is-layout-flow wp-block-column-is-layout-flow\" style=\"padding-right:var(--wp--preset--spacing--20);padding-left:var(--wp--preset--spacing--20)\">\n<figure class=\"wp-block-image size-large\"><img loading=\"lazy\" decoding=\"async\" width=\"1024\" height=\"346\" src=\"https:\/\/contreterre.org\/wp-content\/uploads\/2026\/01\/texte-acceuil_v2-1024x346.png\" alt=\"\" class=\"wp-image-413\" srcset=\"https:\/\/contreterre.org\/wp-content\/uploads\/2026\/01\/texte-acceuil_v2-1024x346.png 1024w, https:\/\/contreterre.org\/wp-content\/uploads\/2026\/01\/texte-acceuil_v2-300x101.png 300w, https:\/\/contreterre.org\/wp-content\/uploads\/2026\/01\/texte-acceuil_v2-768x259.png 768w, https:\/\/contreterre.org\/wp-content\/uploads\/2026\/01\/texte-acceuil_v2-1536x519.png 1536w, https:\/\/contreterre.org\/wp-content\/uploads\/2026\/01\/texte-acceuil_v2-2048x692.png 2048w\" sizes=\"auto, (max-width: 1024px) 100vw, 1024px\" \/><\/figure>\n<\/div>\n\n\n\n<div class=\"wp-block-column is-vertically-aligned-center is-layout-flow wp-block-column-is-layout-flow\"><div class=\"wp-block-image\">\n<figure class=\"aligncenter size-large is-resized\"><img loading=\"lazy\" decoding=\"async\" width=\"1024\" height=\"803\" src=\"http:\/\/contreterre.org\/wp-content\/uploads\/2026\/01\/image_accueil_01-1024x803.png\" alt=\"\" class=\"wp-image-389\" style=\"aspect-ratio:1.2752376001496768;width:485px;height:auto\" srcset=\"https:\/\/contreterre.org\/wp-content\/uploads\/2026\/01\/image_accueil_01-1024x803.png 1024w, https:\/\/contreterre.org\/wp-content\/uploads\/2026\/01\/image_accueil_01-300x235.png 300w, https:\/\/contreterre.org\/wp-content\/uploads\/2026\/01\/image_accueil_01-768x603.png 768w, https:\/\/contreterre.org\/wp-content\/uploads\/2026\/01\/image_accueil_01.png 1318w\" sizes=\"auto, (max-width: 1024px) 100vw, 1024px\" \/><\/figure>\n<\/div><\/div>\n<\/div>\n\n\n\n<div id=\"wp-block-themeisle-blocks-advanced-columns-2f8e7d7b\" class=\"wp-block-themeisle-blocks-advanced-columns alignfull has-1-columns has-desktop-equal-layout has-tablet-equal-layout has-mobile-collapsedRows-layout has-vertical-center\"><div class=\"wp-block-themeisle-blocks-advanced-columns-overlay\"><\/div><div class=\"innerblocks-wrap\">\n<div id=\"wp-block-themeisle-blocks-advanced-column-bfe9e82f\" class=\"wp-block-themeisle-blocks-advanced-column ticss-48ef8f35\">\n<p class=\"has-text-align-center has-medium-font-size\"><strong>\u201c Si je plonge la t\u00eate dans le sol, que je creuse la terre en ligne droite jusqu\u2019\u00e0 traverser le noyau terrestre et que je ressors de l\u2019autre c\u00f4t\u00e9, je vois quoi ? \u201d<\/strong><\/p>\n\n\n\n<div style=\"height:28px\" aria-hidden=\"true\" class=\"wp-block-spacer\"><\/div>\n\n\n\n<p class=\"has-text-align-center has-nv-dark-bg-color has-text-color\"><strong>Ce travail raconte l\u2019exploration d\u2019une \u00eele inconnue, qui a toujours \u00e9t\u00e9 l\u00e0, mais jamais d\u00e9crite. On pourrait nommer cette \u00eele la Contre-Terre. \u00c0 la suite des voyageurs de l\u2019\u00e9poque moderne partis combler les blancs de la carte, nous voulons ouvrir une recherche par la cr\u00e9ation sur le pli des territoires qui ont \u00e9chapp\u00e9 aux r\u00e9cits des Grandes D\u00e9couvertes. Port\u00e9 par un g\u00e9ographe qui s\u2019aventure sur le terrain artistique et un plasticien attach\u00e9 \u00e0 la rencontre entre les mondes naturels et num\u00e9riques, l\u2019exploration de la Contre-Terre vise \u00e0 donner corps \u00e0 de nouveaux r\u00e9cits g\u00e9ographiques. La porosit\u00e9 entre l\u2019observation de la r\u00e9alit\u00e9 et sa repr\u00e9sentation est au c\u0153ur de la d\u00e9marche initi\u00e9e ici. Pour cette raison, il est apparu \u00e9vident d\u2019articuler les d\u00e9marches de la g\u00e9ographie, plut\u00f4t consid\u00e9r\u00e9es comme objectives, et celles des arts visuels volontiers inscrites dans le champ de l\u2019imaginaire. D\u00e9sireux \u00ab de rendre visible les portes de l\u2019invisible \u00bb, le premier pli des territoires sur lequel nous avons voulu nous arr\u00eater est li\u00e9 \u00e0 l\u2019histoire de l\u2019\u00eele des antipodes situ\u00e9e au large de la Nouvelle-Z\u00e9lande.<\/strong><\/p>\n<\/div>\n<\/div><\/div>\n\n\n<div class=\"wp-block-image\">\n<figure class=\"aligncenter size-large is-resized\"><img loading=\"lazy\" decoding=\"async\" width=\"1019\" height=\"1024\" src=\"https:\/\/contreterre.org\/wp-content\/uploads\/2025\/03\/vue-antipodique-1019x1024.png\" alt=\"\" class=\"wp-image-261\" style=\"width:818px;height:auto\" srcset=\"https:\/\/contreterre.org\/wp-content\/uploads\/2025\/03\/vue-antipodique-1019x1024.png 1019w, https:\/\/contreterre.org\/wp-content\/uploads\/2025\/03\/vue-antipodique-300x300.png 300w, https:\/\/contreterre.org\/wp-content\/uploads\/2025\/03\/vue-antipodique-150x150.png 150w, https:\/\/contreterre.org\/wp-content\/uploads\/2025\/03\/vue-antipodique-768x772.png 768w, https:\/\/contreterre.org\/wp-content\/uploads\/2025\/03\/vue-antipodique.png 1027w\" sizes=\"auto, (max-width: 1019px) 100vw, 1019px\" \/><\/figure>\n<\/div>\n\n\n<blockquote class=\"wp-block-quote is-layout-flow wp-block-quote-is-layout-flow\">\n<p><\/p>\n<\/blockquote>\n\n\n\n<div id=\"wp-block-themeisle-blocks-advanced-columns-e8f3a028\" class=\"wp-block-themeisle-blocks-advanced-columns alignfull has-1-columns has-desktop-equal-layout has-tablet-equal-layout has-mobile-collapsedRows-layout has-vertical-center\"><div class=\"wp-block-themeisle-blocks-advanced-columns-overlay\"><\/div><div class=\"innerblocks-wrap\">\n<div id=\"wp-block-themeisle-blocks-advanced-column-6c179098\" class=\"wp-block-themeisle-blocks-advanced-column ticss-48ef8f35\">\n<p class=\"has-nv-dark-bg-color has-text-color has-link-color wp-elements-6e82d18935e0a00dc29eebbf556360bb\">En 1800, des morceaux de terre subantarctiques sont d\u00e9couverts par l\u2019officier anglais Henry Waterhouse (1770-1812). Ces terres sont tr\u00e8s vite d\u00e9sign\u00e9es et cartographi\u00e9es sous le nom d\u2019\u00eeles des Antipodes, consid\u00e9rant le fait qu\u2019elles seraient situ\u00e9es \u00e0 l\u2019oppos\u00e9 terrestre de l\u2019Observatoire de Greenwich, \u00e0 Londres.<\/p>\n\n\n\n<p>En r\u00e9alit\u00e9, il est assez vite \u00e9tabli que leur position antipodique correspond non pas \u00e0 Greenwich, mais \u00e0 la Pointe de Barfleur, \u00e0 l\u2019extr\u00e9mit\u00e9 nord-est du Cotentin. Soit \u00e0 pr\u00e8s de 200 kilom\u00e8tres au sud-ouest du centre astronomique britannique qui donne son nom au m\u00e9ridien de r\u00e9f\u00e9rence de la mesure de la longitude terrestre.<\/p>\n\n\n\n<p>La d\u00e9couverte de l\u2019Archipel s\u2019inscrit dans un contexte historique singulier durant lequel s\u2019op\u00e8re tour \u00e0 tour la stabilisation des savoirs g\u00e9ographiques, l\u2019ach\u00e8vement de la connaissance des contours terrestres, et le comblement des \u00ab blancs de cartes \u00bb visant \u00e0 \u00e9tendre encore la domination de l\u2019Homme sur la Terre.<\/p>\n\n\n\n<p class=\"has-nv-dark-bg-color has-text-color has-link-color wp-elements-6b7aaa8011e944f234f2e37e30fe224c\">A ce titre, la d\u00e9nomination \u00ab Antipodes \u00bb est \u00e9clairante de la vision coloniale d\u2019un monde \u00e0 conqu\u00e9rir. De fait, cet archipel n\u2019est pas nomm\u00e9 en relation avec sa situation g\u00e9ographique, encore moins au regard de ses composantes naturelles, historiques ou symboliques, mais uniquement comme expression de la souverainet\u00e9 de l\u2019empire britannique.<\/p>\n\n\n\n<div style=\"height:20px\" aria-hidden=\"true\" class=\"wp-block-spacer\"><\/div>\n\n\n<div class=\"wp-block-image\">\n<figure class=\"aligncenter size-full\"><img loading=\"lazy\" decoding=\"async\" width=\"512\" height=\"383\" src=\"https:\/\/contreterre.org\/wp-content\/uploads\/2025\/03\/bateau-bleu.jpg\" alt=\"\" class=\"wp-image-265\" srcset=\"https:\/\/contreterre.org\/wp-content\/uploads\/2025\/03\/bateau-bleu.jpg 512w, https:\/\/contreterre.org\/wp-content\/uploads\/2025\/03\/bateau-bleu-300x224.jpg 300w\" sizes=\"auto, (max-width: 512px) 100vw, 512px\" \/><\/figure>\n<\/div>\n\n\n<div style=\"height:62px\" aria-hidden=\"true\" class=\"wp-block-spacer\"><\/div>\n\n\n\n<p class=\"has-nv-dark-bg-color has-text-color has-link-color wp-elements-82dafcefc84ce9cfc7d0fa7defde02dd\">Deux si\u00e8cles plus tard, dans un contexte o\u00f9 les effets de l\u2019action humaine sur les \u00e9cosyst\u00e8mes sont devenus ind\u00e9niables, la br\u00e8che ouverte par l\u2019\u00ab erreur \u00bb de localisation de l\u2019antipode des antipodes nous est apparue comme le terrain premier de la recherche qui est la n\u00f4tre : produire de nouveaux r\u00e9cits g\u00e9ographiques.<\/p>\n\n\n\n<p>A vrai dire, l\u2019observation de cette \u00ab anomalie \u00bb et les premi\u00e8res recherches produites nous ont amen\u00e9 \u00e0 penser qu\u2019il y avait l\u00e0 un fort potentiel imaginaire, et l\u2019occasion d\u2019une recherche en art que nous voulons entreprendre avec les outils de la description et du sensible.<\/p>\n\n\n\n<p>L\u2019expression de l\u2019antipode est entendue \u00e0 la fois de mani\u00e8re terrestre, m\u00e9taphorique et performative. Terrestre, parce que nous entendons explorer le monde sous nos pieds. M\u00e9taphorique parce que c\u2019est \u00e0 l\u2019antipode du sentiment d\u2019un monde illimit\u00e9 \u00e0 conqu\u00e9rir que nous situons cette recherche. Et performative parce que nous voulons r\u00e9tablir un r\u00e9cit qui tiendrait dans un m\u00eame mouvement l\u2019ici et l\u2019ailleurs, c\u2019est-\u00e0-dire la possibilit\u00e9 de vagabonder \u00e0 l\u2019autre bout du monde sans pour autant nier le fait que nous sommes n\u00e9cessairement de quelque part.<\/p>\n\n\n\n<p>Ce travail prend la forme d\u2019espaces de cr\u00e9ation visant \u00e0 documenter \u00e0 la fois l\u2019exploration de l\u2019\u00cele des Antipodes elle-m\u00eame, mais aussi l\u2019Antipode des antipodes dont l\u2019existence a \u00e9t\u00e9 dissimul\u00e9e par l\u2019approximation de Waterhouse. Toutes les formes produites seront l\u2019expression des incursions multiples que nous tenterons sur ces deux \u00eeles reli\u00e9es entre elles par une ligne invisible passant par le noyau de la Terre.<\/p>\n\n\n\n<p class=\"has-nv-dark-bg-color has-text-color has-link-color wp-elements-0cff520ab94e4d40b64240c73d07c8a0\">Descriptions g\u00e9ographiques et archives fictives seront produites : relev\u00e9s de terrain, cartographies diverses, exp\u00e9ditions maritimes, vid\u00e9os documentaires, entretiens avec les populations locales, etc. Bref, c\u2019est \u00e0 la mise en r\u00e9cit d\u2019une utopie (au sens propre du terme ou-topos, \u00ab qui n\u2019a pas de lieu \u00bb) que contribue ce travail. Le caract\u00e8re utopique a ceci d\u2019int\u00e9ressant qu\u2019il soustrait la possibilit\u00e9 m\u00eame de coloniser, de dominer ou d\u2019exploiter cette nouvelle \u00eele. Celle-ci serait pour nous la m\u00e9taphore d\u2019une autre vision du monde porteuse d\u2019une conscience des lieux.<\/p>\n\n\n\n<div style=\"height:42px\" aria-hidden=\"true\" class=\"wp-block-spacer\"><\/div>\n\n\n<div class=\"wp-block-image\">\n<figure class=\"aligncenter size-large is-resized\"><img loading=\"lazy\" decoding=\"async\" width=\"1024\" height=\"630\" src=\"https:\/\/contreterre.org\/wp-content\/uploads\/2025\/03\/deux-hommes-encore-sur-lile-copie-1024x630.jpg\" alt=\"\" class=\"wp-image-282\" style=\"width:654px;height:auto\" srcset=\"https:\/\/contreterre.org\/wp-content\/uploads\/2025\/03\/deux-hommes-encore-sur-lile-copie-1024x630.jpg 1024w, https:\/\/contreterre.org\/wp-content\/uploads\/2025\/03\/deux-hommes-encore-sur-lile-copie-300x185.jpg 300w, https:\/\/contreterre.org\/wp-content\/uploads\/2025\/03\/deux-hommes-encore-sur-lile-copie-768x473.jpg 768w, https:\/\/contreterre.org\/wp-content\/uploads\/2025\/03\/deux-hommes-encore-sur-lile-copie-1536x945.jpg 1536w, https:\/\/contreterre.org\/wp-content\/uploads\/2025\/03\/deux-hommes-encore-sur-lile-copie-2048x1260.jpg 2048w\" sizes=\"auto, (max-width: 1024px) 100vw, 1024px\" \/><\/figure>\n<\/div>\n\n\n<div style=\"height:42px\" aria-hidden=\"true\" class=\"wp-block-spacer\"><\/div>\n\n\n\n<p>Con\u00e7u sur le mode du r\u00e9cit d\u2019exploration, ce travail m\u00eale des temps d\u2019exp\u00e9dition, de documentation et de formalisation plastique. Contre-Terre accorde une place importante \u00e0 l\u2019exp\u00e9dition et \u00e0 la cartographie en tant que support d\u2019imaginaire. La d\u00e9marche plastique que nous engageons est guid\u00e9e par le truchement de la rencontre entre la g\u00e9ographie de l\u2019\u00eele des Antipodes et l\u2019\u00eele de l\u2019Antipode des antipodes. Il en va d\u2019une esp\u00e8ce de fascination : pouvoir fouler le point le plus lointain o\u00f9 il est possible d\u2019aller depuis l\u2019ici et maintenant.<\/p>\n\n\n\n<p class=\"has-text-align-center\"><em>Comment \u00eatre \u00e0 la fois des deux c\u00f4t\u00e9s du miroir ? Comment rendre compte des effets de correspondance entre ce qui se passe ici, et ce qui se passe l\u00e0-bas ? Comment d\u00e9velopper des repr\u00e9sentations de la Terre qui, sans faire l\u2019impasse sur sa rotondit\u00e9, pourrait passer par son centre ? Comment donner \u00e0 voir ce que pourrait \u00eatre un antipode ? Comment donner \u00e0 ressentir le monde que l\u2019on a sous les pieds, mais qui n\u2019existe pas encore ?<\/em><\/p>\n<\/div>\n<\/div><\/div>\n\n\n\n<div id=\"wp-block-themeisle-blocks-advanced-columns-e36e5484\" class=\"wp-block-themeisle-blocks-advanced-columns alignfull has-1-columns has-desktop-equal-layout has-tablet-equal-layout has-mobile-collapsedRows-layout has-vertical-center\"><div class=\"wp-block-themeisle-blocks-advanced-columns-overlay\"><\/div><div class=\"innerblocks-wrap\">\n<div id=\"wp-block-themeisle-blocks-advanced-column-40de5ea3\" class=\"wp-block-themeisle-blocks-advanced-column ticss-48ef8f35\"><div class=\"wp-block-image\">\n<figure class=\"aligncenter size-large\"><img loading=\"lazy\" decoding=\"async\" width=\"1024\" height=\"576\" src=\"https:\/\/contreterre.org\/wp-content\/uploads\/2025\/03\/vue-de-lile-invisible-1024x576.jpg\" alt=\"\" class=\"wp-image-242\" srcset=\"https:\/\/contreterre.org\/wp-content\/uploads\/2025\/03\/vue-de-lile-invisible-1024x576.jpg 1024w, https:\/\/contreterre.org\/wp-content\/uploads\/2025\/03\/vue-de-lile-invisible-300x169.jpg 300w, https:\/\/contreterre.org\/wp-content\/uploads\/2025\/03\/vue-de-lile-invisible-768x432.jpg 768w, https:\/\/contreterre.org\/wp-content\/uploads\/2025\/03\/vue-de-lile-invisible-1536x864.jpg 1536w, https:\/\/contreterre.org\/wp-content\/uploads\/2025\/03\/vue-de-lile-invisible-2048x1152.jpg 2048w\" sizes=\"auto, (max-width: 1024px) 100vw, 1024px\" \/><\/figure>\n<\/div>\n\n\n<p class=\"has-text-align-right\" style=\"font-size:13px\"><\/p>\n<\/div>\n<\/div><\/div>\n\n\n\n<div id=\"wp-block-themeisle-blocks-advanced-columns-09dcecfd\" class=\"wp-block-themeisle-blocks-advanced-columns alignfull has-0-columns has-desktop-equal-layout has-tablet-equal-layout has-mobile-collapsedRows-layout has-vertical-center\"><div class=\"wp-block-themeisle-blocks-advanced-columns-overlay\"><\/div><div class=\"innerblocks-wrap\"><\/div><\/div>\n","protected":false},"excerpt":{"rendered":"","protected":false},"author":1,"featured_media":0,"parent":0,"menu_order":0,"comment_status":"closed","ping_status":"closed","template":"page-templates\/template-pagebuilder-full-width.php","meta":{"neve_meta_sidebar":"full-width","neve_meta_container":"","neve_meta_enable_content_width":"on","neve_meta_content_width":100,"neve_meta_title_alignment":"","neve_meta_author_avatar":"","neve_post_elements_order":"","neve_meta_disable_header":"","neve_meta_disable_footer":"","neve_meta_disable_title":"on","_themeisle_gutenberg_block_has_review":false,"footnotes":""},"class_list":["post-213","page","type-page","status-publish","hentry"],"_links":{"self":[{"href":"https:\/\/contreterre.org\/index.php\/wp-json\/wp\/v2\/pages\/213","targetHints":{"allow":["GET"]}}],"collection":[{"href":"https:\/\/contreterre.org\/index.php\/wp-json\/wp\/v2\/pages"}],"about":[{"href":"https:\/\/contreterre.org\/index.php\/wp-json\/wp\/v2\/types\/page"}],"author":[{"embeddable":true,"href":"https:\/\/contreterre.org\/index.php\/wp-json\/wp\/v2\/users\/1"}],"replies":[{"embeddable":true,"href":"https:\/\/contreterre.org\/index.php\/wp-json\/wp\/v2\/comments?post=213"}],"version-history":[{"count":51,"href":"https:\/\/contreterre.org\/index.php\/wp-json\/wp\/v2\/pages\/213\/revisions"}],"predecessor-version":[{"id":414,"href":"https:\/\/contreterre.org\/index.php\/wp-json\/wp\/v2\/pages\/213\/revisions\/414"}],"wp:attachment":[{"href":"https:\/\/contreterre.org\/index.php\/wp-json\/wp\/v2\/media?parent=213"}],"curies":[{"name":"wp","href":"https:\/\/api.w.org\/{rel}","templated":true}]}}